{"id":10,"date":"2024-01-10T22:43:24","date_gmt":"2024-01-10T21:43:24","guid":{"rendered":"http:\/\/pietrolunetto.info\/?page_id=10"},"modified":"2024-07-16T00:48:52","modified_gmt":"2024-07-15T22:48:52","slug":"about","status":"publish","type":"page","link":"https:\/\/pietrolunetto.info\/?page_id=10","title":{"rendered":"Chi sono"},"content":{"rendered":"\n<section class=\"hts-section hts-page hts-about\">\n    <div class=\"hts-about-header\">\n        <div class=\"hts-about-header-content\">\n            <div class=\"hts-about-body\">\n                <div>\n                    <h1>Chi sono io?<\/h1>\n                    <p>Domanda difficile.<br><\/p>\n                <\/div>\n            <\/div>\n            <div class=\"hts-about-image\">\n                <div class=\"hts-image-wrapper\">\n                    <img decoding=\"async\" src=\"https:\/\/pietrolunetto.info\/wp-content\/uploads\/2024\/06\/342988150_197584173052079_7061946630632445254_n-953x740.jpg\" srcset=\"https:\/\/pietrolunetto.info\/wp-content\/uploads\/2024\/06\/342988150_197584173052079_7061946630632445254_n-953x740.jpg 1x, https:\/\/pietrolunetto.info\/wp-content\/uploads\/2024\/06\/342988150_197584173052079_7061946630632445254_n.jpg 2x\" alt=\"342988150_197584173052079_7061946630632445254_n\">                                    <\/div>\n            <\/div>\n        <\/div>\n    <\/div>\n    <hr class=\"full\">\n    <div class=\"hts-details\">\n                <div class=\"hts-about-story\">\n            <h2 class=\"hts-title\">MY STORY<\/h2>\n            <div class=\"hts-description\">\n                Lorem ipsum dolor sit amet, consectetur adipiscing elit.            <\/div>\n        <\/div>\n        \n        <div class=\"hts-gallery\">\n            <div class=\"hts-image-wrapper hts-bottom\">\n                <img decoding=\"async\" src=\"https:\/\/pietrolunetto.info\/wp-content\/uploads\/2024\/06\/278103298_10226991504550901_4102081952333975484_n-1110x740.jpg\" srcset=\"https:\/\/pietrolunetto.info\/wp-content\/uploads\/2024\/06\/278103298_10226991504550901_4102081952333975484_n-540x360.jpg 1x, https:\/\/pietrolunetto.info\/wp-content\/uploads\/2024\/06\/278103298_10226991504550901_4102081952333975484_n-1080x720.jpg 2x\" alt=\"278103298_10226991504550901_4102081952333975484_n\">            <\/div>\n            <div class=\"hts-image-wrapper hts-bottom\">\n                <img decoding=\"async\" src=\"https:\/\/pietrolunetto.info\/wp-content\/uploads\/2024\/06\/66941629_10219358115000933_7695322024121466880_n-1110x740.jpg\" srcset=\"https:\/\/pietrolunetto.info\/wp-content\/uploads\/2024\/06\/66941629_10219358115000933_7695322024121466880_n-540x360.jpg 1x, https:\/\/pietrolunetto.info\/wp-content\/uploads\/2024\/06\/66941629_10219358115000933_7695322024121466880_n-1080x720.jpg 2x\" alt=\"66941629_10219358115000933_7695322024121466880_n\">            <\/div>\n        <\/div>\n    <\/div>\n<\/section>\n\n\n<h2 class=\"wp-block-heading has-text-align-center\">La mia storia, fino a qui<\/h2>\n\n\n\n<p>Siculo di origine, adottato per qualche anno dall&#8217;Abruzzo e finito &#8221; in cattivit\u00e0&#8221; nel Reame del Belgio. Annata 1976. 3 figli, tutti maschi.<\/p>\n\n\n\n<p>Appassionato di tante cose, ma soprattutto del provare a &#8220;cambiare lo stato di cose presente&#8221;e di comunicazione. <\/p>\n\n\n\n<p>Formazione da Boy Scout, all&#8217;interno della Federazione degli Scout d&#8217;Europa (con brevetto di Primo Tempo) . Tanta militanza politica  (dal 1998) e associativa all&#8217;attivo nella galassia delle sinistre. Militante sindacale sia in Italia che in Belgio.<\/p>\n\n\n\n<p>Mi piace conoscere e capire cose e persone, andare alla radice dei problemi. <\/p>\n\n\n\n<p>Radicale quanto serve, a volte anche di pi\u00f9. Spesso eretico. <\/p>\n\n\n\n<p>Co-Coordinatore della rete <a href=\"https:\/\/filef.org\/\" target=\"_blank\" rel=\"noopener\" title=\"\">FILEF<\/a>. Presidente della sezione <a href=\"https:\/\/www.facebook.com\/anpibruxelles\" target=\"_blank\" rel=\"noopener\" title=\"\">ANPI di Bruxelles<\/a>. Portavoce del <a href=\"https:\/\/faimitalia.org\/\" target=\"_blank\" rel=\"noopener\" title=\"\">FAIM<\/a> &#8211; Forum delle Associazioni Italiane nel Mondo. Fondatore della <a href=\"https:\/\/www.youtube.com\/channel\/UCh5CdGAG_tFFAlz1y6wVAXw\" target=\"_blank\" rel=\"noopener\" title=\"\">web radio MIR<\/a>, insieme a Fabio Sebastiani e del portale di informazione <a href=\"https:\/\/hub-beit.info\/\" target=\"_blank\" rel=\"noopener\" title=\"\">HUB BE-IT<\/a> insieme a Valeria Camia e Nicoletta Voltarelli. Con Marco Grispigni ci siamo inventati il format de <a href=\"https:\/\/www.youtube.com\/@lefritesdalbelgioenonsolo7005\" target=\"_blank\" rel=\"noopener\" title=\"\">&#8220;Le frites dal Belgio e non solo&#8221;<\/a> e il circolo <a href=\"https:\/\/filefnebelgio.org\/\" title=\"\">FILEF Nuova Emigrazione Belgio<\/a>, insieme a Angela longo,  diventata associazione senza fini di lucro. Molto tempo fa, sono stato tra gli ideatori de &#8221; La Comune del Belgio &#8221; associazione oggi non pi\u00f9 esistente.  Tra le esperienze non pi\u00f9 esistenti c&#8217;\u00e8 anche il centro culturale e associativo Victoire 45, attivo da ottobre 2019 a Giugno 2024.  Di errori se ne fanno, basta annoverarli tra le cose da cui fare esperienza.<\/p>\n\n\n\n<p>Nella mia esperienza abruzzese, per un paio di anni, con un gruppo di valorosi compagni e compagne, abbiamo creato e gestito un gruppo di acquisto popolare, doposcuola gratuito, mercatino del libro usato e luogo di ritrovo a Manoppello scalo (PE). <\/p>\n\n\n\n<p>Do il mio supporto all&#8221; associazione <a href=\"https:\/\/belgianantimafia.wordpress.com\/\" title=\"\">BASTA asbl,<\/a> della rete di Libera, e all&#8217; associazione <a href=\"https:\/\/www.antigone.it\/\" title=\"\">Antigone.<\/a><\/p>\n\n\n\n<p>Tra le mie canzoni preferite, ma tanto preferite, <a href=\"https:\/\/youtu.be\/uu7j_xljCRY?si=NgGHhml7PUwlFy4O\" title=\"\">Take me Home, Country Road <\/a> e <a href=\"https:\/\/www.youtube.com\/watch?v=KeX1Yb8CSjw\" title=\"\">La locomotiva<\/a>. <\/p>\n\n\n\n<p>Una delle mia frasi preferite <\/p>\n\n\n\n<figure class=\"wp-block-embed aligncenter is-type-video is-provider-youtube wp-block-embed-youtube wp-embed-aspect-16-9 wp-has-aspect-ratio\"><div class=\"wp-block-embed__wrapper\">\n<iframe loading=\"lazy\" title=\"FARE O NON FARE NON C E&#039; PROVARE\" width=\"500\" height=\"281\" src=\"https:\/\/www.youtube.com\/embed\/wXpbNNZkWuM?feature=oembed\" frameborder=\"0\" allow=\"accelerometer; autoplay; clipboard-write; encrypted-media; gyroscope; picture-in-picture; web-share\" referrerpolicy=\"strict-origin-when-cross-origin\" allowfullscreen><\/iframe>\n<\/div><\/figure>\n\n\n\n<p><\/p>\n\n\n\n<p>Tra le mie letture preferite c&#8217;\u00e8 &#8220;Il Signore degli Anelli&#8221;, gli scritti di <a href=\"https:\/\/en.wikipedia.org\/wiki\/Raniero_Panzieri\" target=\"_blank\" rel=\"noopener\" title=\"\">Raniero Panzieri<\/a> e i libri di storia del novecento e del movimento operaio.<\/p>\n\n\n\n<p>Tra i film, Guerre Stellari (Star Wars), Il Buono, il Brutto e il Cattivo e gli altri film di Sergio Leone, sono in cima alla classifica. Ma anche <a href=\"https:\/\/en.wikipedia.org\/wiki\/Sergei_Eisenstein\" target=\"_blank\" rel=\"noopener\" title=\"\">Eisenstein<\/a> non si piazza male.<\/p>\n\n\n\n<div class=\"wp-block-group has-global-padding is-layout-constrained wp-block-group-is-layout-constrained\"><\/div>\n","protected":false},"excerpt":{"rendered":"<p>La mia storia, fino a qui Siculo di origine, adottato per qualche anno dall&#8217;Abruzzo e finito &#8221; in cattivit\u00e0&#8221; nel Reame del Belgio. Annata 1976. 3 figli, tutti maschi. Appassionato di tante cose, ma soprattutto del provare a &#8220;cambiare lo stato di cose presente&#8221;e di comunicazione. Formazione da Boy Scout, all&#8217;interno della Federazione degli Scout [&hellip;]<\/p>\n","protected":false},"author":1,"featured_media":0,"parent":0,"menu_order":0,"comment_status":"closed","ping_status":"closed","template":"","meta":{"_monsterinsights_skip_tracking":false,"_monsterinsights_sitenote_active":false,"_monsterinsights_sitenote_note":"","_monsterinsights_sitenote_category":0,"footnotes":""},"class_list":["post-10","page","type-page","status-publish","hentry"],"aioseo_notices":[],"_links":{"self":[{"href":"https:\/\/pietrolunetto.info\/index.php?rest_route=\/wp\/v2\/pages\/10","targetHints":{"allow":["GET"]}}],"collection":[{"href":"https:\/\/pietrolunetto.info\/index.php?rest_route=\/wp\/v2\/pages"}],"about":[{"href":"https:\/\/pietrolunetto.info\/index.php?rest_route=\/wp\/v2\/types\/page"}],"author":[{"embeddable":true,"href":"https:\/\/pietrolunetto.info\/index.php?rest_route=\/wp\/v2\/users\/1"}],"replies":[{"embeddable":true,"href":"https:\/\/pietrolunetto.info\/index.php?rest_route=%2Fwp%2Fv2%2Fcomments&post=10"}],"version-history":[{"count":28,"href":"https:\/\/pietrolunetto.info\/index.php?rest_route=\/wp\/v2\/pages\/10\/revisions"}],"predecessor-version":[{"id":142,"href":"https:\/\/pietrolunetto.info\/index.php?rest_route=\/wp\/v2\/pages\/10\/revisions\/142"}],"wp:attachment":[{"href":"https:\/\/pietrolunetto.info\/index.php?rest_route=%2Fwp%2Fv2%2Fmedia&parent=10"}],"curies":[{"name":"wp","href":"https:\/\/api.w.org\/{rel}","templated":true}]}}